- 1. What is s(-10)?
-61
Let p(w) = w**3 + 4*w**2 - 2*w - 5. What is p(-3)?
10
Let r(b) = b**3 - 8*b**2 + 2*b + 19. Give r(7).
-16
Let w(s) = -s**2 + 20*s - 17. Determine w(19).
2
Let l(w) = -w**3 + 10*w**2 + 11*w. Calculate l(11).
0
Let n(g) = g**3 - 20*g**2 - 23*g + 18. Calculate n(21).
-24
Let s(b) = -10*b**3 + 2*b**2 - 13*b - 16. Determine s(-1).
9
Let a(p) = p**3 - 9*p**2 + 14*p + 3. What is a(6)?
-21
Let z(f) = f**2 - 5*f - 7. Calculate z(3).
-13
Let a(i) = i**3 - 7*i**2 + i - 2. Calculate a(7).
5
Let z(n) = 3*n**2 - 3*n + 6. Determine z(-1).
12
Let i(q) = -q**3 - 7*q**2 + 8*q + 1. Give i(2).
-19
Let i(f) = f**3 + 9*f**2 - f - 33. Calculate i(-9).
-24
Let u(j) = -j**2 + j + 49. Calculate u(-6).
7
Let g(p) = p + 16. Determine g(-10).
6
Let x(f) = -15*f - 7. Give x(-1).
8
Let r(a) = -a**3 + 8*a**2 - 13*a - 8. Give r(5).
2
Let a(z) = -z**3 + 5*z**2 - 3*z + 8. Give a(4).
12
Let l(o) = 32*o - 89. What is l(3)?
7
Let p(n) = -n + 8. Calculate p(3).
5
Let u(v) = -4*v - 23. Calculate u(0).
-23
Let n(l) = -7*l + 99. Give n(7).
50
Let h(w) = 11*w + 114. Determine h(-6).
48
Let c(k) = -3*k**3 + 103*k**2 - 34*k + 17. Give c(34).
17
Let z(v) = v**2 + 8*v - 22. Determine z(-10).
-2
Let q(g) = -g**2 + 50*g - 144. Give q(3).
-3
Let a(b) = 17*b + 721. Give a(-43).
-10
Let d(x) = -2*x**2 + 6*x - 2. Give d(-5).
-82
Let d(v) = -4*v**2 - v + 6. Calculate d(-3).
-27
Let z(n) = -4*n + 3. Determine z(6).
-21
Let t(y) = -y**2 - 9*y + 22. Calculate t(-10).
12
Let z(s) = 4*s**2 + 27*s. Give z(-7).
7
Let i(t) = t**3 + 8*t**2 - 8*t + 8. Determine i(-9).
-1
Let u(s) = -3*s**2 + 7*s + 10. What is u(3)?
4
Let h(x) = 3*x**2. Calculate h(-1).
3
Let o(h) = 6*h + 6. What is o(-1)?
0
Let n(m) = -m**2 + 7*m - 2. Give n(6).
4
Let r(g) = g**2 + 29*g + 78. Determine r(-24).
-42
Let n(p) = -p**2 + 2*p + 4. Give n(2).
4
Let i(o) = o**3 + 6*o**2 + 3*o + 18. Give i(-6).
0
Let t(b) = 16*b + 1. What is t(-1)?
-15
Let v(d) = d**2 - 6*d - 3. Determine v(5).
-8
Let m(z) = -2*z**3 - 3*z**2 + z + 1. What is m(-3)?
25
Let f(u) = u**2 - 15*u - 40. Determine f(16).
-24
Let h(g) = 6*g + 4. What is h(-1)?
-2
Let z(y) = y**2 - 17*y - 6. What is z(18)?
12
Let d(g) = -39*g - 731. Give d(-19).
10
Let s(c) = c**2 - 9*c + 9. Calculate s(8).
1
Let c(y) = -y - 23. Give c(-6).
-17
Let i(c) = 2*c**2 + 21*c - 1. What is i(-9)?
-28
Let h(c) = 13*c**2 + 4*c - 4. Give h(1).
13
Let w(h) = h**3 + 18*h**2 + 42*h - 41. Calculate w(-15).
4
Let t(x) = x**3 - 7*x**2 + 2. Calculate t(5).
-48
Let i(z) = 2*z**2 + 10*z + 9. What is i(-6)?
21
Let g(a) = -5*a**3 + 2*a - 4. Calculate g(2).
-40
Let i(w) = -w**3 - 19*w**2 - 33*w + 20. Give i(-17).
3
Let r(j) = 3*j - 1. Give r(1).
2
Let t(a) = a**2 - 7*a + 12. What is t(7)?
12
Let f(g) = -g + 3. What is f(-3)?
6
Let l(a) = -a**2 + 20*a - 14. What is l(19)?
5
Let g(y) = -2*y**2 - 24*y - 51. Calculate g(-9).
3
Let d(c) = -c**3 - 18*c**2 - 7*c + 167. Give d(-17).
-3
Let b(z) = -3*z**3 + z**2 - 2*z - 8. What is b(-2)?
24
Let m(x) = x**2 - 3*x - 134. What is m(-10)?
-4
Let v(r) = 6*r + 6. Give v(-3).
-12
Let s(d) = -7*d + 1. Give s(2).
-13
Let p(b) = -26*b + 2. What is p(-5)?
132
Let i(j) = 4*j + 9. Calculate i(-4).
-7
Let z(h) = -h**2 + 2*h + 2. Determine z(0).
2
Let v(p) = 3*p**2 + 15*p + 4. Determine v(-5).
4
Let c(m) = -2*m**2 + 75*m - 36. What is c(37)?
1
Let r(a) = -a**3 + a**2 + 18*a - 9. Calculate r(-4).
-1
Let t(v) = -9*v**2 + 2*v - 2. Determine t(2).
-34
Let u(q) = q**2 - 6*q + 2. Determine u(4).
-6
Let y(k) = 2*k + 62. What is y(-26)?
10
Let u(f) = -9*f. Determine u(-2).
18
Let g(j) = -j**2 + 8*j - 13. Determine g(6).
-1
Let g(z) = z**3 - 2*z**2 - 6*z + 4. Give g(3).
-5
Let i(a) = 4*a**2 - 7*a - 6. Calculate i(-3).
51
Let q(l) = 3*l**2 + 55*l - 13. Determine q(-15).
-163
Let y(p) = -p**2 - 14*p - 28. What is y(-8)?
20
Let h(w) = -11*w + 294. Determine h(27).
-3
Let l(z) = -5*z**2 + 5*z + 4. Calculate l(-4).
-96
Let r(j) = -6*j - 18. What is r(-5)?
12
Let c(b) = 2*b**3 - 15*b**2 - 12*b + 25. Determine c(8).
-7
Let p(r) = -r**3 + 3*r**2 + 9*r - 11. What is p(4)?
9
Let f(d) = -d**3 + 2*d**2 + 5*d - 6. What is f(3)?
0
Let y(o) = -o**2 - 62*o - 473. Calculate y(-9).
4
Let v(s) = -4*s + 82. Determine v(22).
-6
Let f(h) = 9*h + 2. Calculate f(-4).
-34
Let x(i) = -25*i - 479. Calculate x(-19).
-4
Let u(r) = -r**2 + 8*r - 13. Give u(6).
-1
Let w(f) = 5*f. What is w(-5)?
-25
Let x(c) = 7*c**2 - 3*c - 2. Determine x(3).
52
Let l(k) = k**2 + 8*k - 1. Calculate l(-6).
-13
Let l(q) = -q**2 + 18. Calculate l(3).
9
Let l(h) = -h**2 - 2*h + 5. Calculate l(4).
-19
Let k(q) = q**3 - 5*q**2 + 2. Calculate k(4).
-14
Let d(y) = 214*y - 418. What is d(2)?
10
Let j(g) = g**3 + 10*g**2 + 8*g - 7. What is j(-9)?
2
Let t(b) = -b**3 + 7*b**2 - 5*b + 5. What is t(5)?
30
Let x(b) = -3*b + 4. Calculate x(2).
-2
Let q(w) = w**2 + 5*w - 19. Determine q(-8).
5
Let z(h) = 3*h**3 + h + 1. What is z(2)?
27
Let f(b) = b + 3. Determine f(0).
3
Let f(y) = y**3 + 36*y**2 + 69*y + 36. Determine f(-34).
2
Let n(l) = l**3 + 6*l**2 + 7*l + 14. Determine n(-4).
18
Let c(h) = -h - 6. Calculate c(-7).
1
Let p(a) = 380*a - 2281. Calculate p(6).
-1
Let x(f) = f + 23. Calculate x(-18).
5
Let j(t) = -t**2 - 10*t - 11. What is j(-10)?
-11
Let l(w) = -w**3 - w**2 - w + 196. Calculate l(0).
196
Let s(i) = -i**3 - 14*i**2 + 12*i - 3. Give s(-15).
42
Let j(i) = 5*i + 14. Determine j(0).
14
Let p(y) = y**3 - 5*y**2 - 3*y. Determine p(4).
-28
Let b(g) = 5*g - 84. Determine b(18).
6
Let y(a) = a - 13. Give y(17).
4
Let s(w) = -w**2 + 51*w - 510. What is s(37)?
8
Let x(c) = c**2 - 3*c - 3. Calculate x(3).
-3
Let t(i) = i**2 + 5*i - 6. Give t(-8).
18
Let p(y) = -y**3 - 13*y**2 - 12*y + 14. Determine p(-12).
14
Let a(z) = 15*z - 126. Determine a(9).
9
Let k(u) = u**3 - 83*u**2 + 93*u - 897. Give k(82).
5
Let l(a) = 7*a**2 - a - 3. Calculate l(-2).
27
Let r(g) = g**2 + 5*g - 2. What is r(-9)?
34
Let b(g) = g**2 + 5*g - 81. What is b(-12)?
3
Let i(g) = 29*g + 119. Calculate i(-4).
3
Let g(n) = -16*n + 207. Determine g(13).
-1
Let r(i) = 2*i**3 + 12*i**2 + 11*i + 5. Calculate r(-4).
25
Let h(a) = a**2 - 16*a - 126. Calculate h(22).
6
Let i(o) = 8*o - 25. Calculate i(16).
103
Let k(j) = -3*j - 13. Determine k(-6).
5
Let v(k) = -k**2 + 15*k - 30. Give v(12).
6
Let z(r) = -21*r + 30. Determine z(2).
-12
Let o(r) = 10*r + 72. Calculate o(-8).
-8
Let a(b) = -15*b - 26. What is a(-5)?
49
Let l(k) = k**3 + 9*k**2 + 4*k. Determine l(-4).
64
Let d(q) = q**3 + 6*q**2 - 3*q - 6. Calculate d(-6).
12
Let x(z) = 70*z + 1329. Give x(-19).
-1
Let n(t) = t**3 + 29*t**2 + 22*t + 42. Calculate n(-28).
210
Let b(d) = d**2 + 27*d + 87. Determine b(-4).
-5
Let u(q) = q**3 + 19*q**2 - 18*q + 47. What is u(-20)?
7
Let h(j) = -18*j - 1. What is h(1)?
-19
Let y(h) = -5*h**2 - h + 12. Give y(3).
-36
Let b(d) = -28*d + 114. Give b(4).
2
Let o(b) = 2*b**3 - 21*b**2 - 9*b - 16. What is o(11)?
6
Let u(k) = -18*k**3 + 3*k**2 - 2*k + 1. What is u(1)?
-16
Let f(z) = -z**2 - 10*z - 13. Determine f(-13).
-52
Let w(i) = i**2 - 9*i - 3. Give w(12).
33
Let i(b) = -4*b + 121. Determine i(31).
-3
Let a(v) = -v**3 - 10*v**2 + 22. What is a(-9)?
-59
Let a(v) = v**3 + 4*v**2 + 6*v + 2. What is a(-4)?
-22
Let s(o) = o**2 + 15*o - 8. Calculate s(-15).
-8
Let b(o) = -34*o - 3. Determine b(-1).
31
Let s(o) = 2*o**3 + 13*o**2 + 17*o + 54. Determine s(-6).
-12
Let k(i) = 7*i + 31. Determine k(-5).
-4
Let t(l) = l**2 + l + 4. Give t(-3).
10
Let v(s) = 33*s + 66. Give v(-2).
0
Let f(y) = -y**2 - 11*y - 25. Give f(-10).
-15
Let s(y) = -11*y + 2. What is s(-2)?
24
Let r(m) = 11*m + 3. Give r(-4).
-41
Let m(s) = 3*s - 29. Give m(7).
-8
Let j(b) = 2*b**2 + 7*b - 13. Give j(8).
171
Let s(y) = y - 5. What is s(7)?
2
Let r(n) = -2*n**3 + 2*n**2 - 2*n - 1. Determine r(2).
-13
Let y(q) = -q**3 - 13*q**2 - 19*q + 42. What is y(-11)?
9
Let f(l) = 2*l**3 - 5*l**2 - 2*l - 3. Calculate f(4).
37
Let y(f) = -f**3 + 2*f**2 + 5*f - 6. Give y(4).
-18
Let o(t) = -12*t - 4. Calculate o(2).
-28
Let z(l) = l**2 + 9*l + 10. Calculate z(-4).
-10
Let s(d) = -d**3 + 14*d**2 + 32*d + 25. Calculate s(16).
25
Let b(y) = y**3 - 25*y**2 + 23*y + 30. What is b(24)?
6
Let h(y) = -2*y**2 - 33*y - 71. What is h(-14)?
-1
Let n(a) = -a + 11. What is n(15)?
-4
Let o(c) = -20*c**2 + 259*c + 1. Determine o(13).
-12
Let 